, 11, 15299
List the prime factors of 2010719.
131, 15349
List the prime factors of 171343.
17, 10079
What are the prime factors of 2225737?
101, 22037
List the prime factors of 3675643.
557, 6599
What are the prime factors of 399059?
399059
What are the prime factors of 210079?
421, 499
List the prime factors of 3926560.
2, 5, 11, 23, 97
What are the prime factors of 616930?
2, 5, 17, 19, 191
What are the prime factors of 279030?
2, 3, 5, 71, 131
What are the prime factors of 780828?
2, 3, 31, 2099
List the prime factors of 200281.
37, 5413
What are the prime factors of 961143?
3, 421, 761
What are the prime factors of 522913?
151, 3463
List the prime factors of 45528.
2, 3, 7, 271
What are the prime factors of 3646201?
13, 101, 2777
What are the prime factors of 28375612?
2, 7093903
What are the prime factors of 20291?
103, 197
List the prime factors of 154272.
2, 3, 1607
What are the prime factors of 16970601?
3, 137, 157, 263
What are the prime factors of 999769?
999769
List the prime factors of 12496771.
7, 1785253
List the prime factors of 297218.
2, 148609
What are the prime factors of 486732?
2, 3, 47, 863
List the prime factors of 1728305.
5, 17, 20333
What are the prime factors of 887849?
887849
List the prime factors of 304247.
19, 67, 239
What are the prime factors of 3627731?
61, 59471
List the prime factors of 13655939.
11, 112859
What are the prime factors of 29851806?
2, 3, 4975301
List the prime factors of 32565022.
2, 7, 107, 21739
What are the prime factors of 286085?
5, 29, 1973
List the prime factors of 146828.
2, 11, 47, 71
What are the prime factors of 373632?
2, 3, 7, 139
What are the prime factors of 6218810?
2, 5, 13, 47837
What are the prime factors of 1473492?
2, 3, 17, 31, 233
What are the prime factors of 19099040?
2, 5, 79, 1511
What are the prime factors of 206850?
2, 3, 5, 7, 197
What are the prime factors of 20801?
11, 31, 61
What are the prime factors of 336449?
509, 661
What are the prime factors of 6942174?
2, 3, 277, 4177
List the prime factors of 15209688.
2, 3, 13, 29, 41
List the prime factors of 146787.
3, 113, 433
List the prime factors of 137724.
2, 3, 23, 499
What are the prime factors of 2838606?
2, 3, 473101
List the prime factors of 704574.
2, 3, 13, 3011
List the prime factors of 9439.
9439
What are the prime factors of 16287120?
2, 3, 5, 22621
What are the prime factors of 105407?
105407
List the prime factors of 1748415.
3, 5, 229, 509
What are the prime factors of 1389884?
2, 47, 7393
What are the prime factors of 2954241?
3, 328249
What are the prime factors of 188458?
2, 94229
List the prime factors of 6922012.
2, 53, 103, 317
What are the prime factors of 2419000?
2, 5, 41, 59
What are the prime factors of 4270893?
3, 11, 17, 23, 331
What are the prime factors of 510259?
617, 827
What are the prime factors of 425426?
2, 37, 5749
What are the prime factors of 6742291?
47, 167, 859
List the prime factors of 4185970.
2, 5, 418597
List the prime factors of 68395.
5, 13679
What are the prime factors of 140929?
140929
What are the prime factors of 12160995?
3, 5, 7, 11, 10529
List the prime factors of 13406124.
2, 3, 1117177
List the prime factors of 416760.
2, 3, 5, 23, 151
What are the prime factors of 8014261?
8014261
What are the prime factors of 672093?
3, 53, 1409
What are the prime factors of 9077979?
3, 827, 3659
List the prime factors of 688149.
3, 7, 11, 331
List the prime factors of 152782.
2, 7, 1559
What are the prime factors of 92190?
2, 3, 5, 7, 439
List the prime factors of 426427.
426427
List the prime factors of 91502.
2, 45751
What are the prime factors of 84992?
2, 83
List the prime factors of 10342730.
2, 5, 1013, 1021
List the prime factors of 962572.
2, 13, 107, 173
What are the prime factors of 532401?
3, 177467
What are the prime factors of 11439662?
2, 13, 71, 6197
List the prime factors of 1407840.
2, 3, 5, 7, 419
List the prime factors of 1030785.
3, 5, 7, 9817
List the prime factors of 404943.
3, 7, 11, 1753
What are the prime factors of 4349809?
241, 18049
What are the prime factors of 1019187?
3, 13, 31, 281
List the prime factors of 15306.
2, 3, 2551
What are the prime factors of 3140136?
2, 3, 43613
What are the prime factors of 2521858?
2, 23, 73, 751
What are the prime factors of 1458633?
3, 11, 44201
What are the prime factors of 1263841?
83, 15227
What are the prime factors of 167440?
2, 5, 7, 13, 23
What are the prime factors of 16056209?
13, 1235093
List the prime factors of 9997089.
3, 3332363
What are the prime factors of 2910427?
13, 131, 1709
List the prime factors of 26872736.
2, 11, 76343
What are the prime factors of 857918?
2, 251, 1709
List the prime factors of 10426450.
2, 5, 208529
What are the prime factors of 489600?
2, 3, 5, 17
What are the prime factors of 434393?
337, 1289
List the prime factors of 1037371.
101, 10271
What are the prime factors of 3756785?
5, 751357
List the prime factors of 9153331.
11, 832121
What are the prime factors of 194635?
5, 7, 67, 83
What are the prime factors of 22179004?
2, 19, 291829
List the prime factors of 29667.
3, 11, 29, 31
List the prime factors of 13481588.
2, 23, 146539
List the prime factors of 382515.
3, 5, 7, 3643
List the prime factors of 905052.
2, 3, 199, 379
What are the prime factors of 1004833?
911, 1103
List the prime factors of 780767.
13, 19, 29, 109
What are the prime factors of 10312661?
29, 355609
What are the prime factors of 3118162?
2, 97, 16073
List the prime factors of 3382732.
2, 845683
What are the prime factors of 1950378?
2, 3, 325063
List the prime factors of 7880968.
2, 985121
What are the prime factors of 2557704?
2, 3, 19, 71, 79
List the prime factors of 1565635.
5, 313127
List the prime factors of 793991.
11, 19, 29, 131
List the prime factors of 838614.
2, 3, 7, 41, 487
What are the prime factors of 913043?
31, 29453
What are the prime factors of 17178618?
2, 3, 109, 26267
List the prime factors of 201476.
2, 11, 19, 241
What are the prime factors of 1106807?
13, 19, 4481
What are the prime factors of 2846266?
2, 661, 2153
List the prime factors of 193325.
5, 11, 19, 37
What are the prime factors of 112948?
2, 11, 17, 151
What are the prime factors of 646463?
59, 10957
List the prime factors of 270837.
3, 7, 1433
List the prime factors of 239554.
2, 7, 71, 241
What are the prime factors of 17771140?
2, 5, 888557
List the prime factors of 757791.
3, 84199
List the prime factors of 4457614.
2, 7, 31, 10271
What are the prime factors of 8910148?
2, 13, 53, 61
What are the prime factors of 13399102?
2, 29, 231019
List the prime factors of 33899218.
2, 109, 155501
What are the prime factors of 353976?
2, 3, 7, 43
What are the prime factors of 1504620?
2, 3, 5, 13, 643
List the prime factors of 1995348.
2, 3, 257, 647
List the prime factors of 869490.
2, 3, 5, 9661
What are the prime factors of 126402?
2, 3, 21067
List the prime factors of 495169.
347, 1427
List the prime factors of 128763.
3, 19, 251
List the prime factors of 19200916.
2, 7, 685747
What are the prime factors of 1018727?
41, 24847
List the prime factors of 5496037.
173, 31769
What are the prime factors of 676726?
2, 563, 601
List the prime factors of 753820.
2, 5, 37691
List the prime factors of 92869.
7, 13267
What are the prime factors of 2903491?
31, 229, 409
List the prime factors of 223352.
2, 27919
List the prime factors of 701553.
3, 233851
What are the prime factors of 4761373?
4761373
What are the prime factors of 3491735?
5, 13, 53719
What are the prime factors of 120468?
2, 3, 10039
What are the prime factors of 2527328?
2, 78979
List the prime factors of 10227927.
3, 3409309
List the prime factors of 1996046.
2, 13, 76771
List the prime factors of 14584724.
2, 7, 11, 47353
List the prime factors of 2157680.
2, 5, 7, 3853
List the prime factors of 19668428.
2, 13, 378239
What are the prime factors of 16221139?
11, 134059
List the prime factors of 1503687.
3, 501229
List the prime factors of 321482.
2, 7, 22963
What are the prime factors of 50642?
2, 25321
What are the prime factors of 59621?
59621
What are the prime factors of 313452?
2, 3, 8707
List the prime factors of 28971025.
5, 1158841
List the prime factors of 585830.
2, 5, 7, 8369
List the prime factors of 17833353.
3, 97, 61283
What are